{"id":9,"date":"2019-04-23T12:46:07","date_gmt":"2019-04-23T15:46:07","guid":{"rendered":"https:\/\/premiofenafim.000webhostapp.com\/site\/?page_id=9"},"modified":"2026-03-17T19:03:45","modified_gmt":"2026-03-17T22:03:45","slug":"sobre","status":"publish","type":"page","link":"https:\/\/www.fenafim.org.br\/premio\/","title":{"rendered":""},"content":{"rendered":"\n<figure class=\"wp-block-image size-large\"><img loading=\"lazy\" decoding=\"async\" width=\"1024\" height=\"229\" src=\"https:\/\/www.fenafim.org.br\/premio\/wp-content\/uploads\/2026\/03\/banner2026-1024x229.jpeg\" alt=\"\" class=\"wp-image-442\" srcset=\"https:\/\/www.fenafim.org.br\/premio\/wp-content\/uploads\/2026\/03\/banner2026-1024x229.jpeg 1024w, https:\/\/www.fenafim.org.br\/premio\/wp-content\/uploads\/2026\/03\/banner2026-300x67.jpeg 300w, https:\/\/www.fenafim.org.br\/premio\/wp-content\/uploads\/2026\/03\/banner2026-768x172.jpeg 768w, https:\/\/www.fenafim.org.br\/premio\/wp-content\/uploads\/2026\/03\/banner2026-1536x344.jpeg 1536w, https:\/\/www.fenafim.org.br\/premio\/wp-content\/uploads\/2026\/03\/banner2026-2048x459.jpeg 2048w\" sizes=\"(max-width: 1024px) 100vw, 1024px\" \/><\/figure>\n\n\n\n<figure class=\"wp-block-video\"><video controls src=\"http:\/\/www.fenafim.org.br\/premio\/wp-content\/uploads\/2022\/02\/videoDivulgacao2022.mp4\"><\/video><\/figure>\n\n\n\n<p>O Pr\u00eamio FENAFIM \u00e9 mais uma realiza\u00e7\u00e3o da Federa\u00e7\u00e3o Nacional de Auditores e Fiscais de Tributos Municipais e tem o objetivo de estimular o estudo e a pesquisa nas \u00e1reas da Administra\u00e7\u00e3o Tribut\u00e1ria e do Direito Tribut\u00e1rio Municipais, reconhecendo trabalhos de excel\u00eancia t\u00e9cnica e sua aplicabilidade na esfera da Administra\u00e7\u00e3o P\u00fablica dos Munic\u00edpios.<\/p>\n\n\n\n<p>O Pr\u00eamio FENAFIM \u00e9 considerado um dos mais importantes concursos de trabalhos cient\u00edficos do fisco brasileiro, cooperando para o fortalecimento institucional da nossa categoria e para o aprimoramento profissional dos servidores  fiscais e de todos aqueles que atuam na esfera da Administra\u00e7\u00e3o Tribut\u00e1ria Municipal.<\/p>\n\n\n\n<p>H\u00e1 um espa\u00e7o no debate p\u00fablico sobre a tributa\u00e7\u00e3o que cabe aos integrantes dos fiscos municipais. \u00c9 muito importante fazermos conhecida a nossa vis\u00e3o pela sociedade, mostrarmos que podemos contribuir, decisivamente, conjugando a melhoria do ambiente de neg\u00f3cios com a justi\u00e7a social. <\/p>\n\n\n\n<p>O Pr\u00eamio FENAFIM possui 02 (duas) categorias: <b>Profissional<\/b> e <b>Administra\u00e7\u00e3o Tribut\u00e1ria<\/b>.  A categoria <b>Profissional<\/b> \u00e9 voltada para Auditores e Fiscais de Tributos Federais, Estaduais e Municipais, com trabalhos que versem sobre Administra\u00e7\u00e3o Tribut\u00e1ria Municipal e Direito Tribut\u00e1rio Municipal.  A categoria <b>Administra\u00e7\u00e3o Tribut\u00e1ria<\/b> \u00e9 voltada para Auditores e Fiscais de Tributos, ativos ou aposentados, integrantes do fisco municipal, com trabalhos que versem sobre a inova\u00e7\u00e3o, a moderniza\u00e7\u00e3o, o aprimoramento t\u00e9cnico e a efici\u00eancia da Administra\u00e7\u00e3o Tribut\u00e1ria Municipal, incentivando a elabora\u00e7\u00e3o e apresenta\u00e7\u00e3o de propostas e projetos t\u00e9cnicos vi\u00e1veis de implementa\u00e7\u00e3o ou a demonstra\u00e7\u00e3o de trabalhos exitosos, j\u00e1 implementados, e que tenham gerado bons resultados no \u00e2mbito da administra\u00e7\u00e3o municipal.<\/p>\n","protected":false},"excerpt":{"rendered":"<p>O Pr\u00eamio FENAFIM \u00e9 mais uma realiza\u00e7\u00e3o da Federa\u00e7\u00e3o Nacional de Auditores e Fiscais de Tributos Municipais e tem o&hellip; <\/p>\n","protected":false},"author":1,"featured_media":0,"parent":0,"menu_order":0,"comment_status":"closed","ping_status":"closed","template":"","meta":{"footnotes":""},"jetpack_sharing_enabled":true,"_links":{"self":[{"href":"https:\/\/www.fenafim.org.br\/premio\/wp-json\/wp\/v2\/pages\/9"}],"collection":[{"href":"https:\/\/www.fenafim.org.br\/premio\/wp-json\/wp\/v2\/pages"}],"about":[{"href":"https:\/\/www.fenafim.org.br\/premio\/wp-json\/wp\/v2\/types\/page"}],"author":[{"embeddable":true,"href":"https:\/\/www.fenafim.org.br\/premio\/wp-json\/wp\/v2\/users\/1"}],"replies":[{"embeddable":true,"href":"https:\/\/www.fenafim.org.br\/premio\/wp-json\/wp\/v2\/comments?post=9"}],"version-history":[{"count":13,"href":"https:\/\/www.fenafim.org.br\/premio\/wp-json\/wp\/v2\/pages\/9\/revisions"}],"predecessor-version":[{"id":443,"href":"https:\/\/www.fenafim.org.br\/premio\/wp-json\/wp\/v2\/pages\/9\/revisions\/443"}],"wp:attachment":[{"href":"https:\/\/www.fenafim.org.br\/premio\/wp-json\/wp\/v2\/media?parent=9"}],"curies":[{"name":"wp","href":"https:\/\/api.w.org\/{rel}","templated":true}]}}

<figure class="wp-block-image size-large"><img loading="lazy" decoding="async" width="1024" height="229" src="https://www.fenafim.org.br/premio/wp-content/uploads/2026/03/banner2026-1024x229.jpeg" alt="" class="wp-image-442" srcset="https://www.fenafim.org.br/premio/wp-content/uploads/2026/03/banner2026-1024x229.jpeg 1024w, https://www.fenafim.org.br/premio/wp-content/uploads/2026/03/banner2026-300x67.jpeg 300w, https://www.fenafim.org.br/premio/wp-content/uploads/2026/03/banner2026-768x172.jpeg 768w, https://www.fenafim.org.br/premio/wp-content/uploads/2026/03/banner2026-1536x344.jpeg 1536w, https://www.fenafim.org.br/premio/wp-content/uploads/2026/03/banner2026-2048x459.jpeg 2048w" sizes="(max-width: 1024px) 100vw, 1024px" /></figure>



<figure class="wp-block-video"><video controls src="http://www.fenafim.org.br/premio/wp-content/uploads/2022/02/videoDivulgacao2022.mp4"></video></figure>



<p>O Prêmio FENAFIM é mais uma realização da Federação Nacional de Auditores e Fiscais de Tributos Municipais e tem o objetivo de estimular o estudo e a pesquisa nas áreas da Administração Tributária e do Direito Tributário Municipais, reconhecendo trabalhos de excelência técnica e sua aplicabilidade na esfera da Administração Pública dos Municípios.</p>



<p>O Prêmio FENAFIM é considerado um dos mais importantes concursos de trabalhos científicos do fisco brasileiro, cooperando para o fortalecimento institucional da nossa categoria e para o aprimoramento profissional dos servidores  fiscais e de todos aqueles que atuam na esfera da Administração Tributária Municipal.</p>



<p>Há um espaço no debate público sobre a tributação que cabe aos integrantes dos fiscos municipais. É muito importante fazermos conhecida a nossa visão pela sociedade, mostrarmos que podemos contribuir, decisivamente, conjugando a melhoria do ambiente de negócios com a justiça social. </p>



<p>O Prêmio FENAFIM possui 02 (duas) categorias: <b>Profissional</b> e <b>Administração Tributária</b>.  A categoria <b>Profissional</b> é voltada para Auditores e Fiscais de Tributos Federais, Estaduais e Municipais, com trabalhos que versem sobre Administração Tributária Municipal e Direito Tributário Municipal.  A categoria <b>Administração Tributária</b> é voltada para Auditores e Fiscais de Tributos, ativos ou aposentados, integrantes do fisco municipal, com trabalhos que versem sobre a inovação, a modernização, o aprimoramento técnico e a eficiência da Administração Tributária Municipal, incentivando a elaboração e apresentação de propostas e projetos técnicos viáveis de implementação ou a demonstração de trabalhos exitosos, já implementados, e que tenham gerado bons resultados no âmbito da administração municipal.</p>

<p>O Prêmio FENAFIM é mais uma realização da Federação Nacional de Auditores e Fiscais de Tributos Municipais e tem o&hellip; </p>
