{"id":16,"date":"2019-04-23T15:46:20","date_gmt":"2019-04-23T18:46:20","guid":{"rendered":"https:\/\/premiofenafim.000webhostapp.com\/site\/?page_id=16"},"modified":"2023-03-13T15:31:16","modified_gmt":"2023-03-13T18:31:16","slug":"premiacao","status":"publish","type":"page","link":"https:\/\/www.fenafim.org.br\/premio\/premiacao\/","title":{"rendered":"Premia\u00e7\u00e3o"},"content":{"rendered":"\n<p>Categoria : <b>PROFISSIONAL<\/b><br>\nA premia\u00e7\u00e3o ser\u00e1 a seguinte:<br> R$ 5.000,00 (cinco mil reais), para o 1\u00ba colocado;<br> R$ 3.000,00 (tr\u00eas mil reais), para o 2\u00ba colocado;<br> R$ 2.000,00 (dois mil reais), para o 3\u00ba colocado.<br> A comiss\u00e3o examinadora poder\u00e1 tamb\u00e9m conceder at\u00e9 tr\u00eas men\u00e7\u00f5es honrosas.<\/p>\n\n\n\n<p>Categoria : <b>ADMINISTRA\u00c7AO TRIBUT\u00c1RIA<\/b><br>\nA premia\u00e7\u00e3o ser\u00e1 a seguinte:<br> R$ 5.000,00 (cinco mil reais), para o 1\u00ba colocado;<br> R$ 3.000,00 (tr\u00eas mil reais), para o 2\u00ba colocado;<br> R$ 2.000,00 (dois mil reais), para o 3\u00ba colocado.<br> A comiss\u00e3o examinadora poder\u00e1 tamb\u00e9m conceder at\u00e9 tr\u00eas men\u00e7\u00f5es honrosas.<\/p>\n","protected":false},"excerpt":{"rendered":"<p>Categoria : PROFISSIONAL A premia\u00e7\u00e3o ser\u00e1 a seguinte: R$ 5.000,00 (cinco mil reais), para o 1\u00ba colocado; R$ 3.000,00 (tr\u00eas&hellip; <\/p>\n","protected":false},"author":1,"featured_media":0,"parent":0,"menu_order":0,"comment_status":"closed","ping_status":"closed","template":"","meta":{"footnotes":""},"jetpack_sharing_enabled":true,"_links":{"self":[{"href":"https:\/\/www.fenafim.org.br\/premio\/wp-json\/wp\/v2\/pages\/16"}],"collection":[{"href":"https:\/\/www.fenafim.org.br\/premio\/wp-json\/wp\/v2\/pages"}],"about":[{"href":"https:\/\/www.fenafim.org.br\/premio\/wp-json\/wp\/v2\/types\/page"}],"author":[{"embeddable":true,"href":"https:\/\/www.fenafim.org.br\/premio\/wp-json\/wp\/v2\/users\/1"}],"replies":[{"embeddable":true,"href":"https:\/\/www.fenafim.org.br\/premio\/wp-json\/wp\/v2\/comments?post=16"}],"version-history":[{"count":10,"href":"https:\/\/www.fenafim.org.br\/premio\/wp-json\/wp\/v2\/pages\/16\/revisions"}],"predecessor-version":[{"id":307,"href":"https:\/\/www.fenafim.org.br\/premio\/wp-json\/wp\/v2\/pages\/16\/revisions\/307"}],"wp:attachment":[{"href":"https:\/\/www.fenafim.org.br\/premio\/wp-json\/wp\/v2\/media?parent=16"}],"curies":[{"name":"wp","href":"https:\/\/api.w.org\/{rel}","templated":true}]}}